{"id":584,"date":"2023-02-22T18:33:55","date_gmt":"2023-02-22T18:33:55","guid":{"rendered":"https:\/\/ce.polsl.pl\/?page_id=584"},"modified":"2024-07-19T23:47:18","modified_gmt":"2024-07-19T21:47:18","slug":"oferty","status":"publish","type":"page","link":"https:\/\/ce.polsl.pl\/index.php\/oferty\/","title":{"rendered":"Oferty"},"content":{"rendered":"\t\t<div data-elementor-type=\"wp-page\" data-elementor-id=\"584\" class=\"elementor elementor-584\">\n\t\t\t\t\t\t<section class=\"elementor-section elementor-top-section elementor-element elementor-element-8e27eb0 elementor-section-boxed elementor-section-height-default elementor-section-height-default\" data-id=\"8e27eb0\" data-element_type=\"section\">\n\t\t\t\t\t\t<div class=\"elementor-container elementor-column-gap-default\">\n\t\t\t\t\t<div class=\"elementor-column elementor-col-100 elementor-top-column elementor-element elementor-element-a9836fb\" data-id=\"a9836fb\" data-element_type=\"column\">\n\t\t\t<div class=\"elementor-widget-wrap elementor-element-populated\">\n\t\t\t\t\t\t<div class=\"elementor-element elementor-element-d98f8ea elementor-widget elementor-widget-heading\" data-id=\"d98f8ea\" data-element_type=\"widget\" data-widget_type=\"heading.default\">\n\t\t\t\t<div class=\"elementor-widget-container\">\n\t\t\t\t\t<h1 class=\"elementor-heading-title elementor-size-default\">Oferty firm<\/h1><style id=\"core-d98f8ea-core-block-supports-inline-css\"><\/style>\t\t\t\t<\/div>\n\t\t\t\t<\/div>\n\t\t\t\t\t<\/div>\n\t\t<\/div>\n\t\t\t\t\t<\/div>\n\t\t<\/section>\n\t\t\t\t<section class=\"elementor-section elementor-top-section elementor-element elementor-element-bb6a735 elementor-section-boxed elementor-section-height-default elementor-section-height-default\" data-id=\"bb6a735\" data-element_type=\"section\" data-settings=\"{&quot;background_background&quot;:&quot;classic&quot;}\">\n\t\t\t\t\t\t<div class=\"elementor-container elementor-column-gap-default\">\n\t\t\t\t\t<div class=\"elementor-column elementor-col-100 elementor-top-column elementor-element elementor-element-e99b652\" data-id=\"e99b652\" data-element_type=\"column\">\n\t\t\t<div class=\"elementor-widget-wrap elementor-element-populated\">\n\t\t\t\t\t\t<div class=\"elementor-element elementor-element-92b0a05 elementor-widget elementor-widget-heading\" data-id=\"92b0a05\" data-element_type=\"widget\" data-widget_type=\"heading.default\">\n\t\t\t\t<div class=\"elementor-widget-container\">\n\t\t\t\t\t<h5 class=\"elementor-heading-title elementor-size-default\">Jeste\u015b studentem lub absolwentem automatyki, informatyki, mechaniki i budowy maszyn lub pokrewnej dziedziny i szukasz pracy, sta\u017cu lub praktyk?<br>\n<br>Poni\u017cej znajdziesz informacje o firmach z kt\u00f3rymi wsp\u00f3\u0142pracuje nasze ko\u0142o naukowe.<\/h5><style id=\"core-92b0a05-core-block-supports-inline-css\"><\/style>\t\t\t\t<\/div>\n\t\t\t\t<\/div>\n\t\t\t\t\t<\/div>\n\t\t<\/div>\n\t\t\t\t\t<\/div>\n\t\t<\/section>\n\t\t\t\t<section class=\"elementor-section elementor-top-section elementor-element elementor-element-1908023 elementor-section-boxed elementor-section-height-default elementor-section-height-default\" data-id=\"1908023\" data-element_type=\"section\">\n\t\t\t\t\t\t<div class=\"elementor-container elementor-column-gap-default\">\n\t\t\t\t\t<div class=\"elementor-column elementor-col-100 elementor-top-column elementor-element elementor-element-893d724\" data-id=\"893d724\" data-element_type=\"column\">\n\t\t\t<div class=\"elementor-widget-wrap elementor-element-populated\">\n\t\t\t\t\t\t<section class=\"elementor-section elementor-inner-section elementor-element elementor-element-bcaa034 elementor-section-boxed elementor-section-height-default elementor-section-height-default\" data-id=\"bcaa034\" data-element_type=\"section\">\n\t\t\t\t\t\t<div class=\"elementor-container elementor-column-gap-default\">\n\t\t\t\t\t<div class=\"elementor-column elementor-col-100 elementor-inner-column elementor-element elementor-element-97df4b7\" data-id=\"97df4b7\" data-element_type=\"column\">\n\t\t\t<div class=\"elementor-widget-wrap elementor-element-populated\">\n\t\t\t\t\t\t<div class=\"elementor-element elementor-element-6420342 elementor-widget elementor-widget-heading\" data-id=\"6420342\" data-element_type=\"widget\" data-widget_type=\"heading.default\">\n\t\t\t\t<div class=\"elementor-widget-container\">\n\t\t\t\t\t<h2 class=\"elementor-heading-title elementor-size-default\"><b>NGK Ceramics Polska Sp. z o.o.<\/b><\/h2><style id=\"core-6420342-core-block-supports-inline-css\"><\/style>\t\t\t\t<\/div>\n\t\t\t\t<\/div>\n\t\t\t\t<div class=\"elementor-element elementor-element-f6e8256 elementor-widget elementor-widget-text-editor\" data-id=\"f6e8256\" data-element_type=\"widget\" data-widget_type=\"text-editor.default\">\n\t\t\t\t<div class=\"elementor-widget-container\">\n\t\t\t\t\t\t\t\t\t<p>\u00b7 Sta\u017c\u00a0<span style=\"color: var( --e-global-color-text ); font-family: var( --e-global-typography-text-font-family ), Sans-serif; font-weight: var( --e-global-typography-text-font-weight ); font-size: 1rem;\">\u00b7<\/span><span style=\"color: var( --e-global-color-text ); font-family: var( --e-global-typography-text-font-family ), Sans-serif; font-weight: var( --e-global-typography-text-font-weight ); font-size: 1rem;\">\u00a0Praca stacjonarna\u00a0<\/span><span style=\"color: var( --e-global-color-text ); font-family: var( --e-global-typography-text-font-family ), Sans-serif; font-weight: var( --e-global-typography-text-font-weight ); font-size: 1rem;\">\u00b7<\/span><span style=\"color: var( --e-global-color-text ); font-family: var( --e-global-typography-text-font-family ), Sans-serif; font-weight: var( --e-global-typography-text-font-weight ); font-size: 1rem;\">\u00a0Pe\u0142ny etat\u00a0<\/span><span style=\"color: var( --e-global-color-text ); font-family: var( --e-global-typography-text-font-family ), Sans-serif; font-weight: var( --e-global-typography-text-font-weight ); font-size: 1rem;\">\u00b7 Umowa o prac\u0119\u00a0<\/span><span style=\"color: var( --e-global-color-text ); font-family: var( --e-global-typography-text-font-family ), Sans-serif; font-weight: var( --e-global-typography-text-font-weight ); font-size: 1rem;\">\u00a0<\/span><\/p>\t\t\t\t<style id=\"core-f6e8256-core-block-supports-inline-css\"><\/style>\t\t\t\t<\/div>\n\t\t\t\t<\/div>\n\t\t\t\t\t<\/div>\n\t\t<\/div>\n\t\t\t\t\t<\/div>\n\t\t<\/section>\n\t\t\t\t<section class=\"elementor-section elementor-inner-section elementor-element elementor-element-8a07ff4 elementor-section-boxed elementor-section-height-default elementor-section-height-default\" data-id=\"8a07ff4\" data-element_type=\"section\">\n\t\t\t\t\t\t<div class=\"elementor-container elementor-column-gap-default\">\n\t\t\t\t\t<div class=\"elementor-column elementor-col-33 elementor-inner-column elementor-element elementor-element-cde01b0\" data-id=\"cde01b0\" data-element_type=\"column\">\n\t\t\t<div class=\"elementor-widget-wrap elementor-element-populated\">\n\t\t\t\t\t\t<div class=\"elementor-element elementor-element-a4622c9 elementor-widget elementor-widget-image\" data-id=\"a4622c9\" data-element_type=\"widget\" data-widget_type=\"image.default\">\n\t\t\t\t<div class=\"elementor-widget-container\">\n\t\t\t\t\t\t\t\t\t\t\t\t\t\t\t<img fetchpriority=\"high\" decoding=\"async\" width=\"595\" height=\"841\" src=\"https:\/\/ce.polsl.pl\/wp-content\/uploads\/2023\/06\/Logo-NGK-1.svg\" class=\"attachment-2048x2048 size-2048x2048 wp-image-833\" alt=\"\" \/>\t\t\t\t\t\t\t\t\t\t\t<style id=\"core-a4622c9-core-block-supports-inline-css\"><\/style>\t\t\t\t<\/div>\n\t\t\t\t<\/div>\n\t\t\t\t\t<\/div>\n\t\t<\/div>\n\t\t\t\t<div class=\"elementor-column elementor-col-33 elementor-inner-column elementor-element elementor-element-7cf9af9\" data-id=\"7cf9af9\" data-element_type=\"column\">\n\t\t\t<div class=\"elementor-widget-wrap elementor-element-populated\">\n\t\t\t\t\t\t<div class=\"elementor-element elementor-element-84ad7f2 elementor-widget elementor-widget-heading\" data-id=\"84ad7f2\" data-element_type=\"widget\" data-widget_type=\"heading.default\">\n\t\t\t\t<div class=\"elementor-widget-container\">\n\t\t\t\t\t<h3 class=\"elementor-heading-title elementor-size-default\">Lokalizacja<\/h3><style id=\"core-84ad7f2-core-block-supports-inline-css\"><\/style>\t\t\t\t<\/div>\n\t\t\t\t<\/div>\n\t\t\t\t<div class=\"elementor-element elementor-element-b81d369 elementor-widget elementor-widget-text-editor\" data-id=\"b81d369\" data-element_type=\"widget\" data-widget_type=\"text-editor.default\">\n\t\t\t\t<div class=\"elementor-widget-container\">\n\t\t\t\t\t\t\t\t\t<p>Gliwice,<\/p><p>D\u0105browa G\u00f3rnicza<\/p>\t\t\t\t<style id=\"core-b81d369-core-block-supports-inline-css\"><\/style>\t\t\t\t<\/div>\n\t\t\t\t<\/div>\n\t\t\t\t\t<\/div>\n\t\t<\/div>\n\t\t\t\t<div class=\"elementor-column elementor-col-33 elementor-inner-column elementor-element elementor-element-4dc52d7\" data-id=\"4dc52d7\" data-element_type=\"column\">\n\t\t\t<div class=\"elementor-widget-wrap elementor-element-populated\">\n\t\t\t\t\t\t<div class=\"elementor-element elementor-element-0557936 elementor-widget elementor-widget-heading\" data-id=\"0557936\" data-element_type=\"widget\" data-widget_type=\"heading.default\">\n\t\t\t\t<div class=\"elementor-widget-container\">\n\t\t\t\t\t<h3 class=\"elementor-heading-title elementor-size-default\">Kr\u00f3tki Opis<\/h3><style id=\"core-0557936-core-block-supports-inline-css\"><\/style>\t\t\t\t<\/div>\n\t\t\t\t<\/div>\n\t\t\t\t<div class=\"elementor-element elementor-element-2735646 elementor-widget elementor-widget-text-editor\" data-id=\"2735646\" data-element_type=\"widget\" data-widget_type=\"text-editor.default\">\n\t\t\t\t<div class=\"elementor-widget-container\">\n\t\t\t\t\t\t\t\t\t<p><b>NGK Ceramics Polska Sp. z o.o.<\/b>&nbsp;to cz\u0119\u015b\u0107 mi\u0119dzynarodowej grupy NGK Insulators Ltd., \u015bwiatowego lidera w produkcji materia\u0142\u00f3w technologicznych. Centrala naszej korporacji mie\u015bci si\u0119 w Nagoii, w Polsce natomiast znajduj\u0105 si\u0119 cztery zak\u0142ady produkcyjne (w Gliwicach i D\u0105browie G\u00f3rniczej).<\/p>\n<p>Co nas wyr\u00f3\u017cnia?<br>Wysoka automatyzacja proces\u00f3w. To wi\u0105\u017ce si\u0119 z ci\u0105g\u0142ym rozwojem w obszarze automatyki, mechaniki oraz szeroko poj\u0119tego utrzymania ruchu, zar\u00f3wno parku maszynowego, jak i naszej infrastruktury.<\/p>\n<p>Czego szukamy u naszych kandydat\u00f3w?<br>Przede wszystkim nastawienia na samodzieln\u0105 prac\u0119, ch\u0119\u0107 rozwoju w wielu kierunkach, a tak\u017ce zainteresowania tematami z obszaru Utrzymania Ruchu lub In\u017cynierii Procesu.<\/p>\n<p>Naszym sukcesem s\u0105 ludzie!<\/p>\t\t\t\t<style id=\"core-2735646-core-block-supports-inline-css\"><\/style>\t\t\t\t<\/div>\n\t\t\t\t<\/div>\n\t\t\t\t\t<\/div>\n\t\t<\/div>\n\t\t\t\t\t<\/div>\n\t\t<\/section>\n\t\t\t\t<div class=\"elementor-element elementor-element-aee2ec3 elementor-widget-divider--view-line elementor-widget elementor-widget-divider\" data-id=\"aee2ec3\" data-element_type=\"widget\" data-widget_type=\"divider.default\">\n\t\t\t\t<div class=\"elementor-widget-container\">\n\t\t\t\t\t\t\t<div class=\"elementor-divider\">\n\t\t\t<span class=\"elementor-divider-separator\">\n\t\t\t\t\t\t<\/span>\n\t\t<\/div>\n\t\t<style id=\"core-aee2ec3-core-block-supports-inline-css\"><\/style>\t\t\t\t<\/div>\n\t\t\t\t<\/div>\n\t\t\t\t<div data-ep-wrapper-link=\"{&quot;url&quot;:&quot;https:\\\/\\\/www.ngk.com.pl\\\/kariera&quot;,&quot;is_external&quot;:&quot;&quot;,&quot;nofollow&quot;:&quot;&quot;,&quot;custom_attributes&quot;:&quot;&quot;}\" style=\"cursor: pointer\" class=\"bdt-element-link elementor-element elementor-element-936a81c elementor-widget elementor-widget-button\" data-id=\"936a81c\" data-element_type=\"widget\" data-widget_type=\"button.default\">\n\t\t\t\t<div class=\"elementor-widget-container\">\n\t\t\t\t\t\t\t\t\t<div class=\"elementor-button-wrapper\">\n\t\t\t\t\t<a class=\"elementor-button elementor-button-link elementor-size-sm elementor-animation-shrink\" href=\"#\">\n\t\t\t\t\t\t<span class=\"elementor-button-content-wrapper\">\n\t\t\t\t\t\t<span class=\"elementor-button-icon\">\n\t\t\t\t<i aria-hidden=\"true\" class=\"fas fa-arrow-right\"><\/i>\t\t\t<\/span>\n\t\t\t\t\t\t\t\t\t<span class=\"elementor-button-text\">Wi\u0119cej<\/span>\n\t\t\t\t\t<\/span>\n\t\t\t\t\t<\/a>\n\t\t\t\t<\/div>\n\t\t\t\t<style id=\"core-936a81c-core-block-supports-inline-css\"><\/style>\t\t\t\t<\/div>\n\t\t\t\t<\/div>\n\t\t\t\t\t<\/div>\n\t\t<\/div>\n\t\t\t\t\t<\/div>\n\t\t<\/section>\n\t\t\t\t<\/div>\n\t\t","protected":false},"excerpt":{"rendered":"<p>Oferty firm Jeste\u015b studentem lub absolwentem automatyki, informatyki, mechaniki i budowy maszyn lub pokrewnej dziedziny i szukasz pracy, sta\u017cu lub praktyk? Poni\u017cej znajdziesz informacje o firmach z kt\u00f3rymi wsp\u00f3\u0142pracuje nasze ko\u0142o naukowe. NGK Ceramics Polska Sp. z o.o. \u00b7 Sta\u017c\u00a0\u00b7\u00a0Praca stacjonarna\u00a0\u00b7\u00a0Pe\u0142ny etat\u00a0\u00b7 Umowa o prac\u0119\u00a0\u00a0 Lokalizacja Gliwice, D\u0105browa G\u00f3rnicza Kr\u00f3tki Opis NGK Ceramics Polska Sp. [&hellip;]<\/p>\n","protected":false},"author":1,"featured_media":0,"parent":0,"menu_order":0,"comment_status":"closed","ping_status":"closed","template":"elementor_header_footer","meta":{"_uag_custom_page_level_css":"","iawp_total_views":102,"footnotes":""},"class_list":["post-584","page","type-page","status-publish","hentry"],"blocksy_meta":[],"uagb_featured_image_src":{"full":false,"thumbnail":false,"medium":false,"medium_large":false,"large":false,"1536x1536":false,"2048x2048":false},"uagb_author_info":{"display_name":"Maks","author_link":"https:\/\/ce.polsl.pl\/index.php\/author\/maks\/"},"uagb_comment_info":0,"uagb_excerpt":"Oferty firm Jeste\u015b studentem lub absolwentem automatyki, informatyki, mechaniki i budowy maszyn lub pokrewnej dziedziny i szukasz pracy, sta\u017cu lub praktyk? Poni\u017cej znajdziesz informacje o firmach z kt\u00f3rymi wsp\u00f3\u0142pracuje nasze ko\u0142o naukowe. NGK Ceramics Polska Sp. z o.o. \u00b7 Sta\u017c\u00a0\u00b7\u00a0Praca stacjonarna\u00a0\u00b7\u00a0Pe\u0142ny etat\u00a0\u00b7 Umowa o prac\u0119\u00a0\u00a0 Lokalizacja Gliwice, D\u0105browa G\u00f3rnicza Kr\u00f3tki Opis NGK Ceramics Polska Sp.&hellip;","_links":{"self":[{"href":"https:\/\/ce.polsl.pl\/index.php\/wp-json\/wp\/v2\/pages\/584","targetHints":{"allow":["GET"]}}],"collection":[{"href":"https:\/\/ce.polsl.pl\/index.php\/wp-json\/wp\/v2\/pages"}],"about":[{"href":"https:\/\/ce.polsl.pl\/index.php\/wp-json\/wp\/v2\/types\/page"}],"author":[{"embeddable":true,"href":"https:\/\/ce.polsl.pl\/index.php\/wp-json\/wp\/v2\/users\/1"}],"replies":[{"embeddable":true,"href":"https:\/\/ce.polsl.pl\/index.php\/wp-json\/wp\/v2\/comments?post=584"}],"version-history":[{"count":57,"href":"https:\/\/ce.polsl.pl\/index.php\/wp-json\/wp\/v2\/pages\/584\/revisions"}],"predecessor-version":[{"id":1125,"href":"https:\/\/ce.polsl.pl\/index.php\/wp-json\/wp\/v2\/pages\/584\/revisions\/1125"}],"wp:attachment":[{"href":"https:\/\/ce.polsl.pl\/index.php\/wp-json\/wp\/v2\/media?parent=584"}],"curies":[{"name":"wp","href":"https:\/\/api.w.org\/{rel}","templated":true}]}}